x. Let l be i(4). Suppose 0 = 9*r - 84*r + 450. Let o(y) = 4 + 4*y**2 - 3 + y**2 - l*y**2 - r*y. Give o(5).
-4
Let h(c) be the third derivative of c**4/6 + 2*c**3/3 - 8*c**2. Let b = 475 - 481. Determine h(b).
-20
Let i(w) = -13*w**3 + 4 + 7*w**2 - 4*w + 12*w**3 - 5. Let a(l) = -l**2 - 6*l + 1. Let c be a(-5). Let o be 1/((-5)/c*4/(-20)). Calculate i(o).
11
Let h(r) be the second derivative of r**4/24 - 4*r**3/3 - 139*r**2/2 - 144*r + 2. Let f(g) be the first derivative of h(g). Calculate f(4).
-4
Suppose 53*c + 165 - 67 + 167 = 0. Let j(i) = -2*i**2 - 14*i - 1. Determine j(c).
19
Let y(q) be the second derivative of -q**4/12 + 3*q**2/2 - 1206*q + 1. Let w be 3 + -5 + 3 + -4. What is y(w)?
-6
Let i(c) = -83*c + 13523. Let y be i(163). Let x(a) be the first derivative of a**3/3 + 3*a**2/2 - 3*a + 2. Determine x(y).
15
Let o(l) = -l**3 + 10*l**2 - l + 6. Let i be o(10). Let c(f) be the third derivative of -f**6/120 - f**5/15 + 2*f**3/3 + 3*f**2 - 242*f. What is c(i)?
4
Let v(c) = c**2 - 5*c + 5. Let l(z) = -z**2 - 7*z + 13. Let p be l(-9). Suppose 6*s + 26 = 2. Let d be ((-10)/s)/p*36/(-3). Determine v(d).
11
Let s be ((-387)/12 + -7)/((-2)/8). Let t(l) = 327 - 163 - 2*l - s. Determine t(7).
-7
Suppose -w - 9 = 2*r, 3*r + w + 11 = -0*w. Let l(p) be the third derivative of 5*p**2 - 1/2*p**3 + 0 - 1/6*p**4 + 1/20*p**5 + 10*p. Calculate l(r).
17
Let q(d) = -10*d. Let j be q(-1). Let s(u) be the second derivative of -u**3/6 + 4*u**2 - 2335*u. What is s(j)?
-2
Let d(y) = -40*y**3 - 2*y**2 + 38*y - 8. Let m(n) = -14*n**3 - n**2 + 14*n - 3. Let a(o) = 3*d(o) - 8*m(o). Determine a(-1).
8
Suppose 0 = -4*h - 3*c + 9, -3*h + 4*c + 15 = 9*c. Suppose 2*m + 5*y + 17 = h, -4*m + 4*y = -y - 11. Let w(g) = -g**3 - g**2 - g. What is w(m)?
1
Let z(o) be the third derivative of -o**6/120 - o**5/15 + o**4/3 + 7*o**3/6 + 195*o**2 + o. Let u = 62 + -58. Let n be u/20 - (-26)/(-5). Give z(n).
-8
Let k(o) = -1218*o - 2*o**2 + 606*o + 10 + 604*o + 7. Calculate k(-6).
-7
Let a = 2277 - 2282. Let k(m) = -20*m + 4. What is k(a)?
104
Let f(q) = 2*q - 34. Let g be 19/190 - (-973)/70. Calculate f(g).
-6
Let w(v) = 6 - v - v**2 - 3 - 2. Suppose -11*q + s + 29 = 0, q = -4*s + 23 - 49. Calculate w(q).
-5
Let s(q) = q**3 - 2*q**2 - 13*q + 7. Suppose 1816*f - 1821*f - 4*h = -42, -4*h + 36 = 2*f. Calculate s(f).
-19
Let h(w) be the third derivative of -w**4/12 + 5*w**3/6 + 20*w**2 + 6. Give h(-5).
15
Let x(a) = -21*a**3 + 50*a**2 + 68*a - 48. Let d(k) = 29*k**3 - 67*k**2 - 92*k + 65. Let j(t) = 8*d(t) + 11*x(t). Suppose 4*f = f - 39. Determine j(f).
5
Suppose -8*a + 10 + 14 = 0. Let u(i) = -10 + 0*i**2 - i + 14 - a*i + i**2. Suppose -5*l + 5 = -5*y, -5*l + 10 = -y - 11. Determine u(y).
4
Let x(w) = 11*w. Let o(c) = 2*c**3 + 2*c**2 - 66*c + 5. Let y(k) = -o(k) - 6*x(k). What is y(2)?
-29
Let m = 67 + -20. Suppose -209 = -6*k - m. Suppose -15 - k = -6*a. Let p(j) = -j**3 + 6*j**2 + 9*j - 5. Determine p(a).
9
Suppose 5*t = -4*v + 24, -4*v + 4*t = -29 + 5. Let c(u) = -u**2 + 11*u - 21. Determine c(v).
9
Let a(z) be the third derivative of -z**7/1260 - z**6/720 + z**5/60 + z**2. Let t(r) be the third derivative of a(r). Suppose -204*v = -17*v - 187. Give t(v).
-5
Let b(k) = 2*k**2 - 11*k + 7. Suppose -6*f = -304 - 326. Suppose -32*y + f = -17*y. What is b(y)?
28
Let m(u) = -3*u - 47. Suppose 137*n = -146*n + 268*n - 165. Determine m(n).
-14
Let j(h) = -4*h**3 - 30*h**2 + 22*h + 42. Let a(x) = -5*x**3 - 38*x**2 + 29*x + 56. Let y(f) = 7*a(f) - 9*j(f). Calculate y(-4).
-6
Let o(g) = -g + 6. Suppose -5*d + 4 = 4*b - 7, 0 = b - 2*d - 6. Suppose -4 = -4*j + b*s - 40, -j = -4*s + 18. What is o(j)?
12
Suppose 2*c - r - 7 = 0, 6 = -2*c - 5*r + 43. Let k = 203 - 176. Let s(g) = g + 32 - k - 11. Determine s(c).
0
Let x(r) = 10*r - 8*r - r + 43. Let s be x(-18). Let i(f) = f + 24 - 74 + 32 + s. What is i(0)?
7
Let u = 7736 + -7729. Let o(m) = 7*m - 43. What is o(u)?
6
Let a(v) = -v**3 - 7*v**2 - 2. Suppose -3*w - 40 = 4*u, -5*u - 14 - 9 = -3*w. What is a(u)?
-2
Let s be ((-14)/(-35))/(-1*6*4/(-60)). Let p(m) = 76*m - 4. Give p(s).
72
Let u(m) = -m**2 + 2*m - 1. Let d = 3 - -1. Suppose 4*t + 4*q = -8, t - d = -0*t + 2*q. Suppose -2*g + 2 = -t*g. Determine u(g).
0
Let c(m) be the third derivative of -9*m**4/8 - 137*m**3/6 - 16*m**2 - 5*m. Calculate c(-5).
-2
Let g = 1693 + -1678. Let h(m) = m**3 - 17*m**2 + 31*m - 29. Calculate h(g).
-14
Let n(y) = y - 9. Suppose 0 = -r - 5, 5*j + 4*r - 535 = 6*r. Let c be -5 + j/(5/1). What is n(c)?
7
Let i(x) be the third derivative of 5*x**4/24 - 20*x**3/3 + 693*x**2 + 1. Calculate i(0).
-40
Let m(w) be the second derivative of -38*w + 1/3*w**3 + 0 - 1/2*w**2. Determine m(2).
3
Let c(n) = -n**3 + 10*n**2 - 20*n - 2. Let x be c(7). Suppose -4 = 2*g - 4*y, 5 = 5*g - x*y - 0*y. Let u(d) = d**3 - 4*d**2 - d - 1. Give u(g).
-5
Let d(l) be the second derivative of l**4/12 + 3*l**3/2 + l**2 - 668*l. Give d(-5).
-18
Let b(l) = l + 3. Let y = -58 - -110. Let s be (1 + -4)*(50/(-3))/1. Let f = s - y. Calculate b(f).
1
Let h(c) = 2*c**2 + c + 1. Let i(a) = -a**3 + 6*a**2 + 12*a - 38. Let y be i(6). Let x be (0 + -1)/(y/(-68)). Determine h(x).
11
Let f(n) = 32*n + 1. Let s = -1687 + 1688. Give f(s).
33
Suppose s = -7*s + 2616. Let u = -324 + s. Let d(p) be the third derivative of -p**4/12 + p**3/3 - p**2. Give d(u).
-4
Let g(x) = 4*x - 6. Let r be -5 + -1 - (-51 + 2). Suppose 0 = -r*a + 35*a + 56. Determine g(a).
22
Let y be 105/14*(-2)/3. Suppose -2*i = 4*r - 20, -2*r + 16 = i + 2*r. Let j(x) = 14*x - 25*x + 14*x + i. What is j(y)?
-11
Let w = -25 + 86. Let k be 1 + -3 + (-55 - -2). Let m = w + k. Let h(u) = -u**2 + 6*u + 7. Determine h(m).
7
Let t(a) = -3*a**2 - 155*a - 102. Let n = -9071 + 9020. Give t(n).
0
Let m(n) = -24*n - 138. Suppose -5*v + y - 35 = 0, 8*v = 6*v - 6*y + 18. Calculate m(v).
6
Let w(a) = 10*a**2 - 9*a**2 + 4*a**2 - 2*a**3 + 3*a**3 - 135 - a + 130. Let b be (6 - 4)*5/2. Suppose -h + 1 = b. Determine w(h).
15
Suppose -6*z = -27*z + 315. Let n(s) = s**2 - z*s**2 + s**3 + 11*s**2 - 4*s - 2. Calculate n(4).
-2
Suppose -3*c - 4*y = -98, -2*y - 173 = -5*c + y. Suppose c*j - 25 = 29*j. Let z(a) = -2*a + 6. Give z(j).
-4
Let b(l) = -77*l**2 + 17*l**3 - 18*l + 46*l**2 + 42*l**2 + 81 - 18*l**3. Give b(10).
1
Let b(o) = -o**2 - 12*o + 7. Let w(r) = r**2 + 22*r + 46. Let i be w(-21). Suppose -5*s = 15, f + f + i = -s. Give b(f).
18
Let j(k) = 122*k + 132. Let o(q) = 119*q + 128. Let w(f) = 4*j(f) - 5*o(f). Calculate w(-1).
-5
Let x(o) = 6*o**2 - 6*o + 41. Let c(g) = -5*g**2 + 6*g - 33. Let z(s) = -4*c(s) - 3*x(s). Calculate z(2).
5
Let i(p) = 3*p + 10. Let m(a) = -2*a - 7. Let g(n) = 5*i(n) + 7*m(n). Let k(q) = q**2 - 4*q + 8. Let h(f) = -3*g(f) + k(f). Give h(4).
-7
Let s(b) be the third derivative of 1/6*b**4 + 17/6*b**3 - 1/120*b**6 + 190*b**2 + 1/10*b**5 + 0*b + 0. Give s(7).
-4
Let t(g) = g**2 + 11*g + 24. Let w(a) = a**3 - a**2 + 5*a - 9. Let q be w(0). Let p be t(q). Let n(y) = -y. What is n(p)?
-6
Suppose 3 + 1 = 2*z. Let l(f) = 113 - f**3 - 2*f**2 + 26*f - 69 - 21*f**z. Let c be l(-24). Let q(v) = 2*v**2 + 6*v + 2. Determine q(c).
10
Let s = 12 + -8. Let a be ((-6)/s)/(-3) + (-5)/(-2). Suppose -5*n + n = a*u - 23, -20 = -4*n. Let g(c) = -c - 1. Give g(u).
-2
Let u(y) = -3*y - 5 + 6*y + 1 + 1. Suppose -8*c + 11*c + 3 = 0, -2*c + 22 = -4*z. What is u(z)?
-21
Let t(k) = k**2 + 1 - 325*k**3 + 47*k**3 + 2*k + 166*k**3 + k**2. What is t(-1)?
113
Suppose 156 = 7*i + 268. Let h(a) = -16*a - 248. Calculate h(i).
8
Suppose 9*f - 21 = 33. Suppose -f*x - 23 = 19. Let r(n) = n**3 + 8*n**2 + 10*n + 5. What is r(x)?
-16
Let t = -4801 + 4795. Let b(g) = g**3 + 5*g**2 - 8*g - 14. Calculate b(t).
-2
Let i(f) be the third derivative of 1/3*f**3 - 2*f**2 - 1/8*f**4 + 0 + 25*f. Let x(m) = -m**3 + m**2 + 2*m - 2. Let n be x(2). Calculate i(n).
8
Let c(y) = -3*y**3 - y**2 + y + 4. Let x be 1/3 + ((-615)/(-45) - 16). Calculate c(x).
22
Let c be (-385)/(-154)*(1 + 2/(-4))*-4. Let s(d) = 4*d**2 + 20*d - 4. What is s(c)?
-4
Suppose s + 3*s = s. Let g be (-576)/(-126) - (6/(-14) + s). Let z be 3*(3 - g/3). Let t(r) = r**2 - 4*r + 2. Determine t(z).
2
Let w(k) = -14*k**2 + 13*k + 27. Let g(b) = -5*b**2 + 5*b + 10. Let t(d) = -11*g(d) + 4*w(d). Determine t(-2).
0
Let a(q) = -737*q